{"id":38601,"date":"2026-03-12T15:10:56","date_gmt":"2026-03-12T19:10:56","guid":{"rendered":"https:\/\/www.fbdm-mcaf.ca\/event\/aventurosaure-tome-7-le-miroir-de-zoika\/"},"modified":"2026-03-18T16:31:48","modified_gmt":"2026-03-18T20:31:48","slug":"aventurosaure-tome-7-le-miroir-zoika","status":"publish","type":"tribe_events","link":"https:\/\/www.fbdm-mcaf.ca\/en\/event\/aventurosaure-tome-7-le-miroir-zoika\/","title":{"rendered":"Aventurosaure, tome 7 &#8211; Le miroir Zo\u00efka"},"content":{"rendered":"<p>Julien Par\u00e9-Sorel sera \u00e0 la Librairie Plan\u00e8te BD le samedi 21 mars \u00e0 partir de 14h pour le lancement du tome 7 d&#8217;Aventurosaure: Le miroir Zo\u00efka.<span class=\"html-span xexx8yu xyri2b x18d9i69 x1c1uobl x1hl2dhg x16tdsg8 x1vvkbs x3nfvp2 x1j61x8r x1fcty0u xdj266r xat24cr xm2jcoa x1mpyi22 xxymvpz xlup9mm x1kky2od\"><img loading=\"lazy\" decoding=\"async\" class=\"xz74otr x15mokao x1ga7v0g x16uus16 xbiv7yw\" src=\"https:\/\/static.xx.fbcdn.net\/images\/emoji.php\/v9\/tcd\/2\/16\/1f996.png\" alt=\"&#x1f996;\" width=\"16\" height=\"16\" \/><\/span><\/p>\n","protected":false},"excerpt":{"rendered":"<p class=\"post-excerpt\">\n<p>Julien Par\u00e9-Sorel sera \u00e0 la Librairie Plan\u00e8te BD le samedi 21 mars \u00e0 partir de 14h pour le lancement du tome 7 d&#8217;Aventurosaure: Le miroir Zo\u00efka.<\/p>\n<p>&#8230;<\/p>\n<p><a class=\"post-learn-more\" href=\"https:\/\/www.fbdm-mcaf.ca\/en\/event\/aventurosaure-tome-7-le-miroir-zoika\/\">Read more<span>&nbsp;><\/span><\/a><\/p><\/p>\n","protected":false},"author":18,"featured_media":38600,"template":"","meta":{"_acf_changed":false,"_price":"","_stock":"","_tribe_ticket_header":"","_tribe_default_ticket_provider":"","_tribe_ticket_capacity":"0","_ticket_start_date":"","_ticket_end_date":"","_tribe_ticket_show_description":"","_tribe_ticket_show_not_going":false,"_tribe_ticket_use_global_stock":"","_tribe_ticket_global_stock_level":"","_global_stock_mode":"","_global_stock_cap":"","_tribe_rsvp_for_event":"","_tribe_ticket_going_count":"","_tribe_ticket_not_going_count":"","_tribe_tickets_list":"[]","_tribe_ticket_has_attendee_info_fields":false,"_tribe_events_status":"","_tribe_events_status_reason":"","_tribe_events_is_hybrid":"","_tribe_events_is_virtual":"","_tribe_events_virtual_video_source":"","_tribe_events_virtual_embed_video":"","_tribe_events_virtual_linked_button_text":"","_tribe_events_virtual_linked_button":"","_tribe_events_virtual_show_embed_at":"","_tribe_events_virtual_show_embed_to":[],"_tribe_events_virtual_show_on_event":"","_tribe_events_virtual_show_on_views":"","_tribe_events_virtual_url":"","footnotes":"","_tec_slr_enabled":"","_tec_slr_layout":""},"tags":[],"tribe_events_cat":[315],"class_list":["post-38601","tribe_events","type-tribe_events","status-publish","has-post-thumbnail","hentry","tribe_events_cat-launch","cat_launch"],"acf":[],"yoast_head":"<!-- This site is optimized with the Yoast SEO plugin v27.5 - https:\/\/yoast.com\/product\/yoast-seo-wordpress\/ -->\n<title>Aventurosaure, tome 7 - Le miroir Zo\u00efka &#8226; MCAF<\/title>\n<meta name=\"robots\" content=\"index, follow, max-snippet:-1, max-image-preview:large, max-video-preview:-1\" \/>\n<link rel=\"canonical\" href=\"https:\/\/www.fbdm-mcaf.ca\/en\/event\/aventurosaure-tome-7-le-miroir-zoika\/\" \/>\n<meta property=\"og:locale\" content=\"en_US\" \/>\n<meta property=\"og:type\" content=\"article\" \/>\n<meta property=\"og:title\" content=\"Aventurosaure, tome 7 - Le miroir Zo\u00efka &#8226; MCAF\" \/>\n<meta property=\"og:description\" content=\"Julien Par\u00e9-Sorel sera \u00e0 la Librairie Plan\u00e8te BD le samedi 21 mars \u00e0 partir de 14h pour le lancement du tome 7 d&#8217;Aventurosaure: Le miroir Zo\u00efka....Read more&nbsp;&gt;\" \/>\n<meta property=\"og:url\" content=\"https:\/\/www.fbdm-mcaf.ca\/en\/event\/aventurosaure-tome-7-le-miroir-zoika\/\" \/>\n<meta property=\"og:site_name\" content=\"MCAF\" \/>\n<meta property=\"article:publisher\" content=\"https:\/\/www.facebook.com\/FestivalBDMontreal\/\" \/>\n<meta property=\"article:modified_time\" content=\"2026-03-18T20:31:48+00:00\" \/>\n<meta property=\"og:image\" content=\"https:\/\/www.fbdm-mcaf.ca\/wp-content\/uploads\/649505775_1483494980453991_2538006898676012352_n.jpg\" \/>\n\t<meta property=\"og:image:width\" content=\"2048\" \/>\n\t<meta property=\"og:image:height\" content=\"1072\" \/>\n\t<meta property=\"og:image:type\" content=\"image\/jpeg\" \/>\n<meta name=\"twitter:card\" content=\"summary_large_image\" \/>\n<meta name=\"twitter:site\" content=\"@fbdm_mtl\" \/>\n<meta name=\"twitter:label1\" content=\"Est. reading time\" \/>\n\t<meta name=\"twitter:data1\" content=\"1 minute\" \/>\n<script type=\"application\/ld+json\" class=\"yoast-schema-graph\">{\"@context\":\"https:\\\/\\\/schema.org\",\"@graph\":[{\"@type\":\"WebPage\",\"@id\":\"https:\\\/\\\/www.fbdm-mcaf.ca\\\/en\\\/event\\\/aventurosaure-tome-7-le-miroir-zoika\\\/\",\"url\":\"https:\\\/\\\/www.fbdm-mcaf.ca\\\/en\\\/event\\\/aventurosaure-tome-7-le-miroir-zoika\\\/\",\"name\":\"Aventurosaure, tome 7 - Le miroir Zo\u00efka &#8226; MCAF\",\"isPartOf\":{\"@id\":\"https:\\\/\\\/www.fbdm-mcaf.ca\\\/en\\\/#website\"},\"primaryImageOfPage\":{\"@id\":\"https:\\\/\\\/www.fbdm-mcaf.ca\\\/en\\\/event\\\/aventurosaure-tome-7-le-miroir-zoika\\\/#primaryimage\"},\"image\":{\"@id\":\"https:\\\/\\\/www.fbdm-mcaf.ca\\\/en\\\/event\\\/aventurosaure-tome-7-le-miroir-zoika\\\/#primaryimage\"},\"thumbnailUrl\":\"https:\\\/\\\/www.fbdm-mcaf.ca\\\/wp-content\\\/uploads\\\/649505775_1483494980453991_2538006898676012352_n.jpg\",\"datePublished\":\"2026-03-12T19:10:56+00:00\",\"dateModified\":\"2026-03-18T20:31:48+00:00\",\"breadcrumb\":{\"@id\":\"https:\\\/\\\/www.fbdm-mcaf.ca\\\/en\\\/event\\\/aventurosaure-tome-7-le-miroir-zoika\\\/#breadcrumb\"},\"inLanguage\":\"en-US\",\"potentialAction\":[{\"@type\":\"ReadAction\",\"target\":[\"https:\\\/\\\/www.fbdm-mcaf.ca\\\/en\\\/event\\\/aventurosaure-tome-7-le-miroir-zoika\\\/\"]}]},{\"@type\":\"ImageObject\",\"inLanguage\":\"en-US\",\"@id\":\"https:\\\/\\\/www.fbdm-mcaf.ca\\\/en\\\/event\\\/aventurosaure-tome-7-le-miroir-zoika\\\/#primaryimage\",\"url\":\"https:\\\/\\\/www.fbdm-mcaf.ca\\\/wp-content\\\/uploads\\\/649505775_1483494980453991_2538006898676012352_n.jpg\",\"contentUrl\":\"https:\\\/\\\/www.fbdm-mcaf.ca\\\/wp-content\\\/uploads\\\/649505775_1483494980453991_2538006898676012352_n.jpg\",\"width\":2048,\"height\":1072},{\"@type\":\"BreadcrumbList\",\"@id\":\"https:\\\/\\\/www.fbdm-mcaf.ca\\\/en\\\/event\\\/aventurosaure-tome-7-le-miroir-zoika\\\/#breadcrumb\",\"itemListElement\":[{\"@type\":\"ListItem\",\"position\":1,\"name\":\"Home\",\"item\":\"https:\\\/\\\/www.fbdm-mcaf.ca\\\/en\\\/\"},{\"@type\":\"ListItem\",\"position\":2,\"name\":\"Events\",\"item\":\"https:\\\/\\\/www.fbdm-mcaf.ca\\\/en\\\/events\\\/\"},{\"@type\":\"ListItem\",\"position\":3,\"name\":\"Aventurosaure, tome 7 &#8211; Le miroir Zo\u00efka\"}]},{\"@type\":\"WebSite\",\"@id\":\"https:\\\/\\\/www.fbdm-mcaf.ca\\\/en\\\/#website\",\"url\":\"https:\\\/\\\/www.fbdm-mcaf.ca\\\/en\\\/\",\"name\":\"MCAF\",\"description\":\"Montreal Comic Arts Festival\",\"potentialAction\":[{\"@type\":\"SearchAction\",\"target\":{\"@type\":\"EntryPoint\",\"urlTemplate\":\"https:\\\/\\\/www.fbdm-mcaf.ca\\\/en\\\/?s={search_term_string}\"},\"query-input\":{\"@type\":\"PropertyValueSpecification\",\"valueRequired\":true,\"valueName\":\"search_term_string\"}}],\"inLanguage\":\"en-US\"}]}<\/script>\n<!-- \/ Yoast SEO plugin. -->","yoast_head_json":{"title":"Aventurosaure, tome 7 - Le miroir Zo\u00efka &#8226; MCAF","robots":{"index":"index","follow":"follow","max-snippet":"max-snippet:-1","max-image-preview":"max-image-preview:large","max-video-preview":"max-video-preview:-1"},"canonical":"https:\/\/www.fbdm-mcaf.ca\/en\/event\/aventurosaure-tome-7-le-miroir-zoika\/","og_locale":"en_US","og_type":"article","og_title":"Aventurosaure, tome 7 - Le miroir Zo\u00efka &#8226; MCAF","og_description":"Julien Par\u00e9-Sorel sera \u00e0 la Librairie Plan\u00e8te BD le samedi 21 mars \u00e0 partir de 14h pour le lancement du tome 7 d&#8217;Aventurosaure: Le miroir Zo\u00efka....Read more&nbsp;>","og_url":"https:\/\/www.fbdm-mcaf.ca\/en\/event\/aventurosaure-tome-7-le-miroir-zoika\/","og_site_name":"MCAF","article_publisher":"https:\/\/www.facebook.com\/FestivalBDMontreal\/","article_modified_time":"2026-03-18T20:31:48+00:00","og_image":[{"width":2048,"height":1072,"url":"https:\/\/www.fbdm-mcaf.ca\/wp-content\/uploads\/649505775_1483494980453991_2538006898676012352_n.jpg","type":"image\/jpeg"}],"twitter_card":"summary_large_image","twitter_site":"@fbdm_mtl","twitter_misc":{"Est. reading time":"1 minute"},"schema":{"@context":"https:\/\/schema.org","@graph":[{"@type":"WebPage","@id":"https:\/\/www.fbdm-mcaf.ca\/en\/event\/aventurosaure-tome-7-le-miroir-zoika\/","url":"https:\/\/www.fbdm-mcaf.ca\/en\/event\/aventurosaure-tome-7-le-miroir-zoika\/","name":"Aventurosaure, tome 7 - Le miroir Zo\u00efka &#8226; MCAF","isPartOf":{"@id":"https:\/\/www.fbdm-mcaf.ca\/en\/#website"},"primaryImageOfPage":{"@id":"https:\/\/www.fbdm-mcaf.ca\/en\/event\/aventurosaure-tome-7-le-miroir-zoika\/#primaryimage"},"image":{"@id":"https:\/\/www.fbdm-mcaf.ca\/en\/event\/aventurosaure-tome-7-le-miroir-zoika\/#primaryimage"},"thumbnailUrl":"https:\/\/www.fbdm-mcaf.ca\/wp-content\/uploads\/649505775_1483494980453991_2538006898676012352_n.jpg","datePublished":"2026-03-12T19:10:56+00:00","dateModified":"2026-03-18T20:31:48+00:00","breadcrumb":{"@id":"https:\/\/www.fbdm-mcaf.ca\/en\/event\/aventurosaure-tome-7-le-miroir-zoika\/#breadcrumb"},"inLanguage":"en-US","potentialAction":[{"@type":"ReadAction","target":["https:\/\/www.fbdm-mcaf.ca\/en\/event\/aventurosaure-tome-7-le-miroir-zoika\/"]}]},{"@type":"ImageObject","inLanguage":"en-US","@id":"https:\/\/www.fbdm-mcaf.ca\/en\/event\/aventurosaure-tome-7-le-miroir-zoika\/#primaryimage","url":"https:\/\/www.fbdm-mcaf.ca\/wp-content\/uploads\/649505775_1483494980453991_2538006898676012352_n.jpg","contentUrl":"https:\/\/www.fbdm-mcaf.ca\/wp-content\/uploads\/649505775_1483494980453991_2538006898676012352_n.jpg","width":2048,"height":1072},{"@type":"BreadcrumbList","@id":"https:\/\/www.fbdm-mcaf.ca\/en\/event\/aventurosaure-tome-7-le-miroir-zoika\/#breadcrumb","itemListElement":[{"@type":"ListItem","position":1,"name":"Home","item":"https:\/\/www.fbdm-mcaf.ca\/en\/"},{"@type":"ListItem","position":2,"name":"Events","item":"https:\/\/www.fbdm-mcaf.ca\/en\/events\/"},{"@type":"ListItem","position":3,"name":"Aventurosaure, tome 7 &#8211; Le miroir Zo\u00efka"}]},{"@type":"WebSite","@id":"https:\/\/www.fbdm-mcaf.ca\/en\/#website","url":"https:\/\/www.fbdm-mcaf.ca\/en\/","name":"MCAF","description":"Montreal Comic Arts Festival","potentialAction":[{"@type":"SearchAction","target":{"@type":"EntryPoint","urlTemplate":"https:\/\/www.fbdm-mcaf.ca\/en\/?s={search_term_string}"},"query-input":{"@type":"PropertyValueSpecification","valueRequired":true,"valueName":"search_term_string"}}],"inLanguage":"en-US"}]}},"ticketed":false,"_links":{"self":[{"href":"https:\/\/www.fbdm-mcaf.ca\/en\/wp-json\/wp\/v2\/tribe_events\/38601","targetHints":{"allow":["GET"]}}],"collection":[{"href":"https:\/\/www.fbdm-mcaf.ca\/en\/wp-json\/wp\/v2\/tribe_events"}],"about":[{"href":"https:\/\/www.fbdm-mcaf.ca\/en\/wp-json\/wp\/v2\/types\/tribe_events"}],"author":[{"embeddable":true,"href":"https:\/\/www.fbdm-mcaf.ca\/en\/wp-json\/wp\/v2\/users\/18"}],"version-history":[{"count":1,"href":"https:\/\/www.fbdm-mcaf.ca\/en\/wp-json\/wp\/v2\/tribe_events\/38601\/revisions"}],"predecessor-version":[{"id":38626,"href":"https:\/\/www.fbdm-mcaf.ca\/en\/wp-json\/wp\/v2\/tribe_events\/38601\/revisions\/38626"}],"wp:featuredmedia":[{"embeddable":true,"href":"https:\/\/www.fbdm-mcaf.ca\/en\/wp-json\/wp\/v2\/media\/38600"}],"wp:attachment":[{"href":"https:\/\/www.fbdm-mcaf.ca\/en\/wp-json\/wp\/v2\/media?parent=38601"}],"wp:term":[{"taxonomy":"post_tag","embeddable":true,"href":"https:\/\/www.fbdm-mcaf.ca\/en\/wp-json\/wp\/v2\/tags?post=38601"},{"taxonomy":"tribe_events_cat","embeddable":true,"href":"https:\/\/www.fbdm-mcaf.ca\/en\/wp-json\/wp\/v2\/tribe_events_cat?post=38601"}],"curies":[{"name":"wp","href":"https:\/\/api.w.org\/{rel}","templated":true}]}}

Aventurosaure, tome 7 &#8211; Le miroir Zoïka

<p>Julien Paré-Sorel sera à la Librairie Planète BD le samedi 21 mars à partir de 14h pour le lancement du tome 7 d&#8217;Aventurosaure: Le miroir Zoïka.<span class="html-span xexx8yu xyri2b x18d9i69 x1c1uobl x1hl2dhg x16tdsg8 x1vvkbs x3nfvp2 x1j61x8r x1fcty0u xdj266r xat24cr xm2jcoa x1mpyi22 xxymvpz xlup9mm x1kky2od"><img loading="lazy" decoding="async" class="xz74otr x15mokao x1ga7v0g x16uus16 xbiv7yw" src="https://static.xx.fbcdn.net/images/emoji.php/v9/tcd/2/16/1f996.png" alt="&#x1f996;" width="16" height="16" /></span></p>

<p class="post-excerpt">
<p>Julien Paré-Sorel sera à la Librairie Planète BD le samedi 21 mars à partir de 14h pour le lancement du tome 7 d&#8217;Aventurosaure: Le miroir Zoïka.</p>
<p>&#8230;</p>
<p><a class="post-learn-more" href="https://www.fbdm-mcaf.ca/en/event/aventurosaure-tome-7-le-miroir-zoika/">Read more<span>&nbsp;></span></a></p></p>

<!-- This site is optimized with the Yoast SEO plugin v27.5 - https://yoast.com/product/yoast-seo-wordpress/ -->
<title>Aventurosaure, tome 7 - Le miroir Zoïka &#8226; MCAF</title>
<meta name="robots" content="index, follow, max-snippet:-1, max-image-preview:large, max-video-preview:-1" />
<link rel="canonical" href="https://www.fbdm-mcaf.ca/en/event/aventurosaure-tome-7-le-miroir-zoika/" />
<meta property="og:locale" content="en_US" />
<meta property="og:type" content="article" />
<meta property="og:title" content="Aventurosaure, tome 7 - Le miroir Zoïka &#8226; MCAF" />
<meta property="og:description" content="Julien Paré-Sorel sera à la Librairie Planète BD le samedi 21 mars à partir de 14h pour le lancement du tome 7 d&#8217;Aventurosaure: Le miroir Zoïka....Read more&nbsp;&gt;" />
<meta property="og:url" content="https://www.fbdm-mcaf.ca/en/event/aventurosaure-tome-7-le-miroir-zoika/" />
<meta property="og:site_name" content="MCAF" />
<meta property="article:publisher" content="https://www.facebook.com/FestivalBDMontreal/" />
<meta property="article:modified_time" content="2026-03-18T20:31:48+00:00" />
<meta property="og:image" content="https://www.fbdm-mcaf.ca/wp-content/uploads/649505775_1483494980453991_2538006898676012352_n.jpg" />
	<meta property="og:image:width" content="2048" />
	<meta property="og:image:height" content="1072" />
	<meta property="og:image:type" content="image/jpeg" />
<meta name="twitter:card" content="summary_large_image" />
<meta name="twitter:site" content="@fbdm_mtl" />
<meta name="twitter:label1" content="Est. reading time" />
	<meta name="twitter:data1" content="1 minute" />
<script type="application/ld+json" class="yoast-schema-graph">{"@context":"https:\/\/schema.org","@graph":[{"@type":"WebPage","@id":"https:\/\/www.fbdm-mcaf.ca\/en\/event\/aventurosaure-tome-7-le-miroir-zoika\/","url":"https:\/\/www.fbdm-mcaf.ca\/en\/event\/aventurosaure-tome-7-le-miroir-zoika\/","name":"Aventurosaure, tome 7 - Le miroir Zoïka &#8226; MCAF","isPartOf":{"@id":"https:\/\/www.fbdm-mcaf.ca\/en\/#website"},"primaryImageOfPage":{"@id":"https:\/\/www.fbdm-mcaf.ca\/en\/event\/aventurosaure-tome-7-le-miroir-zoika\/#primaryimage"},"image":{"@id":"https:\/\/www.fbdm-mcaf.ca\/en\/event\/aventurosaure-tome-7-le-miroir-zoika\/#primaryimage"},"thumbnailUrl":"https:\/\/www.fbdm-mcaf.ca\/wp-content\/uploads\/649505775_1483494980453991_2538006898676012352_n.jpg","datePublished":"2026-03-12T19:10:56+00:00","dateModified":"2026-03-18T20:31:48+00:00","breadcrumb":{"@id":"https:\/\/www.fbdm-mcaf.ca\/en\/event\/aventurosaure-tome-7-le-miroir-zoika\/#breadcrumb"},"inLanguage":"en-US","potentialAction":[{"@type":"ReadAction","target":["https:\/\/www.fbdm-mcaf.ca\/en\/event\/aventurosaure-tome-7-le-miroir-zoika\/"]}]},{"@type":"ImageObject","inLanguage":"en-US","@id":"https:\/\/www.fbdm-mcaf.ca\/en\/event\/aventurosaure-tome-7-le-miroir-zoika\/#primaryimage","url":"https:\/\/www.fbdm-mcaf.ca\/wp-content\/uploads\/649505775_1483494980453991_2538006898676012352_n.jpg","contentUrl":"https:\/\/www.fbdm-mcaf.ca\/wp-content\/uploads\/649505775_1483494980453991_2538006898676012352_n.jpg","width":2048,"height":1072},{"@type":"BreadcrumbList","@id":"https:\/\/www.fbdm-mcaf.ca\/en\/event\/aventurosaure-tome-7-le-miroir-zoika\/#breadcrumb","itemListElement":[{"@type":"ListItem","position":1,"name":"Home","item":"https:\/\/www.fbdm-mcaf.ca\/en\/"},{"@type":"ListItem","position":2,"name":"Events","item":"https:\/\/www.fbdm-mcaf.ca\/en\/events\/"},{"@type":"ListItem","position":3,"name":"Aventurosaure, tome 7 &#8211; Le miroir Zoïka"}]},{"@type":"WebSite","@id":"https:\/\/www.fbdm-mcaf.ca\/en\/#website","url":"https:\/\/www.fbdm-mcaf.ca\/en\/","name":"MCAF","description":"Montreal Comic Arts Festival","potentialAction":[{"@type":"SearchAction","target":{"@type":"EntryPoint","urlTemplate":"https:\/\/www.fbdm-mcaf.ca\/en\/?s={search_term_string}"},"query-input":{"@type":"PropertyValueSpecification","valueRequired":true,"valueName":"search_term_string"}}],"inLanguage":"en-US"}]}</script>
<!-- / Yoast SEO plugin. -->

Aventurosaure, tome 7 - Le miroir Zoïka &#8226; MCAF

Julien Paré-Sorel sera à la Librairie Planète BD le samedi 21 mars à partir de 14h pour le lancement du tome 7 d&#8217;Aventurosaure: Le miroir Zoïka....Read more&nbsp;>
