{"id":38595,"date":"2026-03-11T19:11:10","date_gmt":"2026-03-11T23:11:10","guid":{"rendered":"https:\/\/www.fbdm-mcaf.ca\/event\/je-suis-peut-etre-une-artiste-marina-leon\/"},"modified":"2026-03-11T19:11:10","modified_gmt":"2026-03-11T23:11:10","slug":"je-suis-peut-etre-une-artiste-marina-leon","status":"publish","type":"tribe_events","link":"https:\/\/www.fbdm-mcaf.ca\/en\/event\/je-suis-peut-etre-une-artiste-marina-leon\/","title":{"rendered":"Je suis peut-\u00eatre une artiste &#8211; Marina Le\u00f3n"},"content":{"rendered":"<div class=\"lead\">\n<p>\u00c0 travers une s\u00e9rie de bandes dessin\u00e9es autobiographique et humoristique,<em>\u00a0Je suis peut-\u00eatre une artiste<\/em>\u00a0met en parall\u00e8le deux th\u00e8mes\u00a0: l\u2019identit\u00e9 multiculturelle et la place de la bande dessin\u00e9e dans le monde de l\u2019art visuel contemporain.<\/p>\n<\/div>\n<div class=\"content-modules\">\n<h2>Description<\/h2>\n<div class=\"content-module-stacked\">\n<p>Le projet prend la forme d\u2019une exposition hybride et volontairement contradictoire, o\u00f9 le r\u00e9cit personnel est d\u00e9tourn\u00e9 pour interroger les fronti\u00e8res entre disciplines, ce qui m\u00e8ne \u00e0 des bandes dessin\u00e9es qui sont \u00e0 la fois fictives et autobiographiques, humoristiques et s\u00e9rieuses. L\u2019artiste y explore ses propres st\u00e9r\u00e9otypes sur l\u2019argentinit\u00e9, la br\u00e9silianit\u00e9, ainsi que sur la bande dessin\u00e9e et l\u2019art contemporain.<\/p>\n<p><strong>Activit\u00e9\u00a0:<\/strong><\/p>\n<ul>\n<li>Vernissage le jeudi 30 avril 2026 de 17 h \u00e0 19 h.<\/li>\n<\/ul>\n<p><em>Exposition pr\u00e9sent\u00e9e par l\u2019arrondissement d\u2019Outremont dans le cadre de sa programmation culturelle et \u00e9v\u00e9nementielle en collaboration avec Marina Le\u00f3n.<\/em><\/p>\n<\/div>\n<\/div>\n","protected":false},"excerpt":{"rendered":"<p class=\"post-excerpt\">\n<p>\u00c0 travers une s\u00e9rie de bandes dessin\u00e9es autobiographique et humoristique,<em>\u00a0Je suis peut-\u00eatre une artiste<\/em>\u00a0met en parall\u00e8le deux th\u00e8mes\u00a0: l\u2019identit\u00e9 multiculturelle et la place de la bande dessin\u00e9e dans le monde de l\u2019art visuel contemporain.<\/p>\n<p>Description<\/p>\n<p>Le projet prend la forme d\u2019une exposition hybride et volontairement contradictoire,<\/p>\n<p>&#8230;<\/p>\n<p><a class=\"post-learn-more\" href=\"https:\/\/www.fbdm-mcaf.ca\/en\/event\/je-suis-peut-etre-une-artiste-marina-leon\/\">Read more<span>&nbsp;><\/span><\/a><\/p><\/p>\n","protected":false},"author":18,"featured_media":38594,"template":"","meta":{"_acf_changed":false,"_price":"","_stock":"","_tribe_ticket_header":"","_tribe_default_ticket_provider":"","_tribe_ticket_capacity":"0","_ticket_start_date":"","_ticket_end_date":"","_tribe_ticket_show_description":"","_tribe_ticket_show_not_going":false,"_tribe_ticket_use_global_stock":"","_tribe_ticket_global_stock_level":"","_global_stock_mode":"","_global_stock_cap":"","_tribe_rsvp_for_event":"","_tribe_ticket_going_count":"","_tribe_ticket_not_going_count":"","_tribe_tickets_list":"[]","_tribe_ticket_has_attendee_info_fields":false,"_tribe_events_status":"","_tribe_events_status_reason":"","_tribe_events_is_hybrid":"","_tribe_events_is_virtual":"","_tribe_events_virtual_video_source":"","_tribe_events_virtual_embed_video":"","_tribe_events_virtual_linked_button_text":"","_tribe_events_virtual_linked_button":"","_tribe_events_virtual_show_embed_at":"","_tribe_events_virtual_show_embed_to":[],"_tribe_events_virtual_show_on_event":"","_tribe_events_virtual_show_on_views":"","_tribe_events_virtual_url":"","footnotes":"","_tec_slr_enabled":"","_tec_slr_layout":""},"tags":[],"tribe_events_cat":[313],"class_list":["post-38595","tribe_events","type-tribe_events","status-publish","has-post-thumbnail","hentry","tribe_events_cat-exhibition","cat_exhibition"],"acf":[],"yoast_head":"<!-- This site is optimized with the Yoast SEO plugin v27.5 - https:\/\/yoast.com\/product\/yoast-seo-wordpress\/ -->\n<title>Je suis peut-\u00eatre une artiste - Marina Le\u00f3n &#8226; MCAF<\/title>\n<meta name=\"robots\" content=\"index, follow, max-snippet:-1, max-image-preview:large, max-video-preview:-1\" \/>\n<link rel=\"canonical\" href=\"https:\/\/www.fbdm-mcaf.ca\/en\/event\/je-suis-peut-etre-une-artiste-marina-leon\/\" \/>\n<meta property=\"og:locale\" content=\"en_US\" \/>\n<meta property=\"og:type\" content=\"article\" \/>\n<meta property=\"og:title\" content=\"Je suis peut-\u00eatre une artiste - Marina Le\u00f3n &#8226; MCAF\" \/>\n<meta property=\"og:description\" content=\"\u00c0 travers une s\u00e9rie de bandes dessin\u00e9es autobiographique et humoristique,\u00a0Je suis peut-\u00eatre une artiste\u00a0met en parall\u00e8le deux th\u00e8mes\u00a0: l\u2019identit\u00e9 multiculturelle et la place de la bande dessin\u00e9e dans le monde de l\u2019art visuel contemporain.  Description Le projet prend la forme d\u2019une exposition hybride et volontairement contradictoire,...Read more&nbsp;&gt;\" \/>\n<meta property=\"og:url\" content=\"https:\/\/www.fbdm-mcaf.ca\/en\/event\/je-suis-peut-etre-une-artiste-marina-leon\/\" \/>\n<meta property=\"og:site_name\" content=\"MCAF\" \/>\n<meta property=\"article:publisher\" content=\"https:\/\/www.facebook.com\/FestivalBDMontreal\/\" \/>\n<meta property=\"og:image\" content=\"https:\/\/www.fbdm-mcaf.ca\/wp-content\/uploads\/Capture-decran-le-2026-03-11-a-19.10.28.png\" \/>\n\t<meta property=\"og:image:width\" content=\"954\" \/>\n\t<meta property=\"og:image:height\" content=\"362\" \/>\n\t<meta property=\"og:image:type\" content=\"image\/png\" \/>\n<meta name=\"twitter:card\" content=\"summary_large_image\" \/>\n<meta name=\"twitter:site\" content=\"@fbdm_mtl\" \/>\n<meta name=\"twitter:label1\" content=\"Est. reading time\" \/>\n\t<meta name=\"twitter:data1\" content=\"1 minute\" \/>\n<script type=\"application\/ld+json\" class=\"yoast-schema-graph\">{\"@context\":\"https:\\\/\\\/schema.org\",\"@graph\":[{\"@type\":\"WebPage\",\"@id\":\"https:\\\/\\\/www.fbdm-mcaf.ca\\\/en\\\/event\\\/je-suis-peut-etre-une-artiste-marina-leon\\\/\",\"url\":\"https:\\\/\\\/www.fbdm-mcaf.ca\\\/en\\\/event\\\/je-suis-peut-etre-une-artiste-marina-leon\\\/\",\"name\":\"Je suis peut-\u00eatre une artiste - Marina Le\u00f3n &#8226; MCAF\",\"isPartOf\":{\"@id\":\"https:\\\/\\\/www.fbdm-mcaf.ca\\\/en\\\/#website\"},\"primaryImageOfPage\":{\"@id\":\"https:\\\/\\\/www.fbdm-mcaf.ca\\\/en\\\/event\\\/je-suis-peut-etre-une-artiste-marina-leon\\\/#primaryimage\"},\"image\":{\"@id\":\"https:\\\/\\\/www.fbdm-mcaf.ca\\\/en\\\/event\\\/je-suis-peut-etre-une-artiste-marina-leon\\\/#primaryimage\"},\"thumbnailUrl\":\"https:\\\/\\\/www.fbdm-mcaf.ca\\\/wp-content\\\/uploads\\\/Capture-decran-le-2026-03-11-a-19.10.28.png\",\"datePublished\":\"2026-03-11T23:11:10+00:00\",\"breadcrumb\":{\"@id\":\"https:\\\/\\\/www.fbdm-mcaf.ca\\\/en\\\/event\\\/je-suis-peut-etre-une-artiste-marina-leon\\\/#breadcrumb\"},\"inLanguage\":\"en-US\",\"potentialAction\":[{\"@type\":\"ReadAction\",\"target\":[\"https:\\\/\\\/www.fbdm-mcaf.ca\\\/en\\\/event\\\/je-suis-peut-etre-une-artiste-marina-leon\\\/\"]}]},{\"@type\":\"ImageObject\",\"inLanguage\":\"en-US\",\"@id\":\"https:\\\/\\\/www.fbdm-mcaf.ca\\\/en\\\/event\\\/je-suis-peut-etre-une-artiste-marina-leon\\\/#primaryimage\",\"url\":\"https:\\\/\\\/www.fbdm-mcaf.ca\\\/wp-content\\\/uploads\\\/Capture-decran-le-2026-03-11-a-19.10.28.png\",\"contentUrl\":\"https:\\\/\\\/www.fbdm-mcaf.ca\\\/wp-content\\\/uploads\\\/Capture-decran-le-2026-03-11-a-19.10.28.png\",\"width\":954,\"height\":362},{\"@type\":\"BreadcrumbList\",\"@id\":\"https:\\\/\\\/www.fbdm-mcaf.ca\\\/en\\\/event\\\/je-suis-peut-etre-une-artiste-marina-leon\\\/#breadcrumb\",\"itemListElement\":[{\"@type\":\"ListItem\",\"position\":1,\"name\":\"Home\",\"item\":\"https:\\\/\\\/www.fbdm-mcaf.ca\\\/en\\\/\"},{\"@type\":\"ListItem\",\"position\":2,\"name\":\"Events\",\"item\":\"https:\\\/\\\/www.fbdm-mcaf.ca\\\/en\\\/events\\\/\"},{\"@type\":\"ListItem\",\"position\":3,\"name\":\"Je suis peut-\u00eatre une artiste &#8211; Marina Le\u00f3n\"}]},{\"@type\":\"WebSite\",\"@id\":\"https:\\\/\\\/www.fbdm-mcaf.ca\\\/en\\\/#website\",\"url\":\"https:\\\/\\\/www.fbdm-mcaf.ca\\\/en\\\/\",\"name\":\"MCAF\",\"description\":\"Montreal Comic Arts Festival\",\"potentialAction\":[{\"@type\":\"SearchAction\",\"target\":{\"@type\":\"EntryPoint\",\"urlTemplate\":\"https:\\\/\\\/www.fbdm-mcaf.ca\\\/en\\\/?s={search_term_string}\"},\"query-input\":{\"@type\":\"PropertyValueSpecification\",\"valueRequired\":true,\"valueName\":\"search_term_string\"}}],\"inLanguage\":\"en-US\"}]}<\/script>\n<!-- \/ Yoast SEO plugin. -->","yoast_head_json":{"title":"Je suis peut-\u00eatre une artiste - Marina Le\u00f3n &#8226; MCAF","robots":{"index":"index","follow":"follow","max-snippet":"max-snippet:-1","max-image-preview":"max-image-preview:large","max-video-preview":"max-video-preview:-1"},"canonical":"https:\/\/www.fbdm-mcaf.ca\/en\/event\/je-suis-peut-etre-une-artiste-marina-leon\/","og_locale":"en_US","og_type":"article","og_title":"Je suis peut-\u00eatre une artiste - Marina Le\u00f3n &#8226; MCAF","og_description":"\u00c0 travers une s\u00e9rie de bandes dessin\u00e9es autobiographique et humoristique,\u00a0Je suis peut-\u00eatre une artiste\u00a0met en parall\u00e8le deux th\u00e8mes\u00a0: l\u2019identit\u00e9 multiculturelle et la place de la bande dessin\u00e9e dans le monde de l\u2019art visuel contemporain.  Description Le projet prend la forme d\u2019une exposition hybride et volontairement contradictoire,...Read more&nbsp;>","og_url":"https:\/\/www.fbdm-mcaf.ca\/en\/event\/je-suis-peut-etre-une-artiste-marina-leon\/","og_site_name":"MCAF","article_publisher":"https:\/\/www.facebook.com\/FestivalBDMontreal\/","og_image":[{"width":954,"height":362,"url":"https:\/\/www.fbdm-mcaf.ca\/wp-content\/uploads\/Capture-decran-le-2026-03-11-a-19.10.28.png","type":"image\/png"}],"twitter_card":"summary_large_image","twitter_site":"@fbdm_mtl","twitter_misc":{"Est. reading time":"1 minute"},"schema":{"@context":"https:\/\/schema.org","@graph":[{"@type":"WebPage","@id":"https:\/\/www.fbdm-mcaf.ca\/en\/event\/je-suis-peut-etre-une-artiste-marina-leon\/","url":"https:\/\/www.fbdm-mcaf.ca\/en\/event\/je-suis-peut-etre-une-artiste-marina-leon\/","name":"Je suis peut-\u00eatre une artiste - Marina Le\u00f3n &#8226; MCAF","isPartOf":{"@id":"https:\/\/www.fbdm-mcaf.ca\/en\/#website"},"primaryImageOfPage":{"@id":"https:\/\/www.fbdm-mcaf.ca\/en\/event\/je-suis-peut-etre-une-artiste-marina-leon\/#primaryimage"},"image":{"@id":"https:\/\/www.fbdm-mcaf.ca\/en\/event\/je-suis-peut-etre-une-artiste-marina-leon\/#primaryimage"},"thumbnailUrl":"https:\/\/www.fbdm-mcaf.ca\/wp-content\/uploads\/Capture-decran-le-2026-03-11-a-19.10.28.png","datePublished":"2026-03-11T23:11:10+00:00","breadcrumb":{"@id":"https:\/\/www.fbdm-mcaf.ca\/en\/event\/je-suis-peut-etre-une-artiste-marina-leon\/#breadcrumb"},"inLanguage":"en-US","potentialAction":[{"@type":"ReadAction","target":["https:\/\/www.fbdm-mcaf.ca\/en\/event\/je-suis-peut-etre-une-artiste-marina-leon\/"]}]},{"@type":"ImageObject","inLanguage":"en-US","@id":"https:\/\/www.fbdm-mcaf.ca\/en\/event\/je-suis-peut-etre-une-artiste-marina-leon\/#primaryimage","url":"https:\/\/www.fbdm-mcaf.ca\/wp-content\/uploads\/Capture-decran-le-2026-03-11-a-19.10.28.png","contentUrl":"https:\/\/www.fbdm-mcaf.ca\/wp-content\/uploads\/Capture-decran-le-2026-03-11-a-19.10.28.png","width":954,"height":362},{"@type":"BreadcrumbList","@id":"https:\/\/www.fbdm-mcaf.ca\/en\/event\/je-suis-peut-etre-une-artiste-marina-leon\/#breadcrumb","itemListElement":[{"@type":"ListItem","position":1,"name":"Home","item":"https:\/\/www.fbdm-mcaf.ca\/en\/"},{"@type":"ListItem","position":2,"name":"Events","item":"https:\/\/www.fbdm-mcaf.ca\/en\/events\/"},{"@type":"ListItem","position":3,"name":"Je suis peut-\u00eatre une artiste &#8211; Marina Le\u00f3n"}]},{"@type":"WebSite","@id":"https:\/\/www.fbdm-mcaf.ca\/en\/#website","url":"https:\/\/www.fbdm-mcaf.ca\/en\/","name":"MCAF","description":"Montreal Comic Arts Festival","potentialAction":[{"@type":"SearchAction","target":{"@type":"EntryPoint","urlTemplate":"https:\/\/www.fbdm-mcaf.ca\/en\/?s={search_term_string}"},"query-input":{"@type":"PropertyValueSpecification","valueRequired":true,"valueName":"search_term_string"}}],"inLanguage":"en-US"}]}},"ticketed":false,"_links":{"self":[{"href":"https:\/\/www.fbdm-mcaf.ca\/en\/wp-json\/wp\/v2\/tribe_events\/38595","targetHints":{"allow":["GET"]}}],"collection":[{"href":"https:\/\/www.fbdm-mcaf.ca\/en\/wp-json\/wp\/v2\/tribe_events"}],"about":[{"href":"https:\/\/www.fbdm-mcaf.ca\/en\/wp-json\/wp\/v2\/types\/tribe_events"}],"author":[{"embeddable":true,"href":"https:\/\/www.fbdm-mcaf.ca\/en\/wp-json\/wp\/v2\/users\/18"}],"version-history":[{"count":0,"href":"https:\/\/www.fbdm-mcaf.ca\/en\/wp-json\/wp\/v2\/tribe_events\/38595\/revisions"}],"wp:featuredmedia":[{"embeddable":true,"href":"https:\/\/www.fbdm-mcaf.ca\/en\/wp-json\/wp\/v2\/media\/38594"}],"wp:attachment":[{"href":"https:\/\/www.fbdm-mcaf.ca\/en\/wp-json\/wp\/v2\/media?parent=38595"}],"wp:term":[{"taxonomy":"post_tag","embeddable":true,"href":"https:\/\/www.fbdm-mcaf.ca\/en\/wp-json\/wp\/v2\/tags?post=38595"},{"taxonomy":"tribe_events_cat","embeddable":true,"href":"https:\/\/www.fbdm-mcaf.ca\/en\/wp-json\/wp\/v2\/tribe_events_cat?post=38595"}],"curies":[{"name":"wp","href":"https:\/\/api.w.org\/{rel}","templated":true}]}}

Je suis peut-être une artiste &#8211; Marina León

<div class="lead">
<p>À travers une série de bandes dessinées autobiographique et humoristique,<em> Je suis peut-être une artiste</em> met en parallèle deux thèmes : l’identité multiculturelle et la place de la bande dessinée dans le monde de l’art visuel contemporain.</p>
</div>
<div class="content-modules">
<h2>Description</h2>
<div class="content-module-stacked">
<p>Le projet prend la forme d’une exposition hybride et volontairement contradictoire, où le récit personnel est détourné pour interroger les frontières entre disciplines, ce qui mène à des bandes dessinées qui sont à la fois fictives et autobiographiques, humoristiques et sérieuses. L’artiste y explore ses propres stéréotypes sur l’argentinité, la brésilianité, ainsi que sur la bande dessinée et l’art contemporain.</p>
<p><strong>Activité :</strong></p>
<ul>
<li>Vernissage le jeudi 30 avril 2026 de 17 h à 19 h.</li>
</ul>
<p><em>Exposition présentée par l’arrondissement d’Outremont dans le cadre de sa programmation culturelle et événementielle en collaboration avec Marina León.</em></p>
</div>
</div>

<p class="post-excerpt">
<p>À travers une série de bandes dessinées autobiographique et humoristique,<em> Je suis peut-être une artiste</em> met en parallèle deux thèmes : l’identité multiculturelle et la place de la bande dessinée dans le monde de l’art visuel contemporain.</p>
<p>Description</p>
<p>Le projet prend la forme d’une exposition hybride et volontairement contradictoire,</p>
<p>&#8230;</p>
<p><a class="post-learn-more" href="https://www.fbdm-mcaf.ca/en/event/je-suis-peut-etre-une-artiste-marina-leon/">Read more<span>&nbsp;></span></a></p></p>

<!-- This site is optimized with the Yoast SEO plugin v27.5 - https://yoast.com/product/yoast-seo-wordpress/ -->
<title>Je suis peut-être une artiste - Marina León &#8226; MCAF</title>
<meta name="robots" content="index, follow, max-snippet:-1, max-image-preview:large, max-video-preview:-1" />
<link rel="canonical" href="https://www.fbdm-mcaf.ca/en/event/je-suis-peut-etre-une-artiste-marina-leon/" />
<meta property="og:locale" content="en_US" />
<meta property="og:type" content="article" />
<meta property="og:title" content="Je suis peut-être une artiste - Marina León &#8226; MCAF" />
<meta property="og:description" content="À travers une série de bandes dessinées autobiographique et humoristique, Je suis peut-être une artiste met en parallèle deux thèmes : l’identité multiculturelle et la place de la bande dessinée dans le monde de l’art visuel contemporain.  Description Le projet prend la forme d’une exposition hybride et volontairement contradictoire,...Read more&nbsp;&gt;" />
<meta property="og:url" content="https://www.fbdm-mcaf.ca/en/event/je-suis-peut-etre-une-artiste-marina-leon/" />
<meta property="og:site_name" content="MCAF" />
<meta property="article:publisher" content="https://www.facebook.com/FestivalBDMontreal/" />
<meta property="og:image" content="https://www.fbdm-mcaf.ca/wp-content/uploads/Capture-decran-le-2026-03-11-a-19.10.28.png" />
	<meta property="og:image:width" content="954" />
	<meta property="og:image:height" content="362" />
	<meta property="og:image:type" content="image/png" />
<meta name="twitter:card" content="summary_large_image" />
<meta name="twitter:site" content="@fbdm_mtl" />
<meta name="twitter:label1" content="Est. reading time" />
	<meta name="twitter:data1" content="1 minute" />
<script type="application/ld+json" class="yoast-schema-graph">{"@context":"https:\/\/schema.org","@graph":[{"@type":"WebPage","@id":"https:\/\/www.fbdm-mcaf.ca\/en\/event\/je-suis-peut-etre-une-artiste-marina-leon\/","url":"https:\/\/www.fbdm-mcaf.ca\/en\/event\/je-suis-peut-etre-une-artiste-marina-leon\/","name":"Je suis peut-être une artiste - Marina León &#8226; MCAF","isPartOf":{"@id":"https:\/\/www.fbdm-mcaf.ca\/en\/#website"},"primaryImageOfPage":{"@id":"https:\/\/www.fbdm-mcaf.ca\/en\/event\/je-suis-peut-etre-une-artiste-marina-leon\/#primaryimage"},"image":{"@id":"https:\/\/www.fbdm-mcaf.ca\/en\/event\/je-suis-peut-etre-une-artiste-marina-leon\/#primaryimage"},"thumbnailUrl":"https:\/\/www.fbdm-mcaf.ca\/wp-content\/uploads\/Capture-decran-le-2026-03-11-a-19.10.28.png","datePublished":"2026-03-11T23:11:10+00:00","breadcrumb":{"@id":"https:\/\/www.fbdm-mcaf.ca\/en\/event\/je-suis-peut-etre-une-artiste-marina-leon\/#breadcrumb"},"inLanguage":"en-US","potentialAction":[{"@type":"ReadAction","target":["https:\/\/www.fbdm-mcaf.ca\/en\/event\/je-suis-peut-etre-une-artiste-marina-leon\/"]}]},{"@type":"ImageObject","inLanguage":"en-US","@id":"https:\/\/www.fbdm-mcaf.ca\/en\/event\/je-suis-peut-etre-une-artiste-marina-leon\/#primaryimage","url":"https:\/\/www.fbdm-mcaf.ca\/wp-content\/uploads\/Capture-decran-le-2026-03-11-a-19.10.28.png","contentUrl":"https:\/\/www.fbdm-mcaf.ca\/wp-content\/uploads\/Capture-decran-le-2026-03-11-a-19.10.28.png","width":954,"height":362},{"@type":"BreadcrumbList","@id":"https:\/\/www.fbdm-mcaf.ca\/en\/event\/je-suis-peut-etre-une-artiste-marina-leon\/#breadcrumb","itemListElement":[{"@type":"ListItem","position":1,"name":"Home","item":"https:\/\/www.fbdm-mcaf.ca\/en\/"},{"@type":"ListItem","position":2,"name":"Events","item":"https:\/\/www.fbdm-mcaf.ca\/en\/events\/"},{"@type":"ListItem","position":3,"name":"Je suis peut-être une artiste &#8211; Marina León"}]},{"@type":"WebSite","@id":"https:\/\/www.fbdm-mcaf.ca\/en\/#website","url":"https:\/\/www.fbdm-mcaf.ca\/en\/","name":"MCAF","description":"Montreal Comic Arts Festival","potentialAction":[{"@type":"SearchAction","target":{"@type":"EntryPoint","urlTemplate":"https:\/\/www.fbdm-mcaf.ca\/en\/?s={search_term_string}"},"query-input":{"@type":"PropertyValueSpecification","valueRequired":true,"valueName":"search_term_string"}}],"inLanguage":"en-US"}]}</script>
<!-- / Yoast SEO plugin. -->

Je suis peut-être une artiste - Marina León &#8226; MCAF

À travers une série de bandes dessinées autobiographique et humoristique, Je suis peut-être une artiste met en parallèle deux thèmes : l’identité multiculturelle et la place de la bande dessinée dans le monde de l’art visuel contemporain.  Description Le projet prend la forme d’une exposition hybride et volontairement contradictoire,...Read more&nbsp;>
