{"id":38405,"date":"2026-01-23T14:45:29","date_gmt":"2026-01-23T19:45:29","guid":{"rendered":"https:\/\/www.fbdm-mcaf.ca\/event\/lancement-laurence-a-son-insu\/"},"modified":"2026-01-23T14:46:57","modified_gmt":"2026-01-23T19:46:57","slug":"lancement-laurence-a-son-insu","status":"publish","type":"tribe_events","link":"https:\/\/www.fbdm-mcaf.ca\/en\/event\/lancement-laurence-a-son-insu\/","title":{"rendered":"FR Lancement &#8211; Laurence \u00e0 son insu"},"content":{"rendered":"<div class=\"xdj266r x14z9mp xat24cr x1lziwak x1vvkbs\">Les \u00c9ditions M\u00e9canique G\u00e9n\u00e9rale ont le plaisir de vous inviter au lancement de la bande dessin\u00e9e Laurence \u00e0 son insu, de Simon Labelle.<br class=\"html-br\" \/>Retrouvez-nous le 29 janvier prochain d\u00e8s 17h \u00e0 la Librairie<br class=\"html-br\" \/>Plan\u00e8te BD (4077 R. Saint-Denis, Montr\u00e9al, QC H2W 2M7)!<\/div>\n<div class=\"x14z9mp xat24cr x1lziwak x1vvkbs xtlvy1s\">Au menu :<br class=\"html-br\" \/>&#8211; D\u00e9dicaces<br class=\"html-br\" \/>&#8211; Ap\u00e9ritif<br class=\"html-br\" \/>&#8211; S\u00e9ance de d\u00e9dicaces<\/div>\n<div class=\"x14z9mp xat24cr x1lziwak x1vvkbs xtlvy1s\">Le livre sera en vente sur place.<\/div>\n","protected":false},"excerpt":{"rendered":"<p class=\"post-excerpt\">Les \u00c9ditions M\u00e9canique G\u00e9n\u00e9rale ont le plaisir de vous inviter au lancement de la bande dessin\u00e9e Laurence \u00e0 son insu, de Simon Labelle.<br class=\"html-br\" \/>Retrouvez-nous le 29 janvier prochain d\u00e8s 17h \u00e0 la Librairie<br class=\"html-br\" \/>Plan\u00e8te BD (4077 R. Saint-Denis, Montr\u00e9al, QC H2W 2M7)!<br \/>\nAu menu :<br class=\"html-br\" \/>&#8211; D\u00e9dicaces<br class=\"html-br\" \/>&#8211;&#8230;<\/p>\n<p><a class=\"post-learn-more\" href=\"https:\/\/www.fbdm-mcaf.ca\/en\/event\/lancement-laurence-a-son-insu\/\">Read more<span>&nbsp;><\/span><\/a><\/p><\/p>\n","protected":false},"author":18,"featured_media":38404,"template":"","meta":{"_acf_changed":false,"_price":"","_stock":"","_tribe_ticket_header":"","_tribe_default_ticket_provider":"","_tribe_ticket_capacity":"0","_ticket_start_date":"","_ticket_end_date":"","_tribe_ticket_show_description":"","_tribe_ticket_show_not_going":false,"_tribe_ticket_use_global_stock":"","_tribe_ticket_global_stock_level":"","_global_stock_mode":"","_global_stock_cap":"","_tribe_rsvp_for_event":"","_tribe_ticket_going_count":"","_tribe_ticket_not_going_count":"","_tribe_tickets_list":"[]","_tribe_ticket_has_attendee_info_fields":false,"_tribe_events_status":"","_tribe_events_status_reason":"","_tribe_events_is_hybrid":"","_tribe_events_is_virtual":"","_tribe_events_virtual_video_source":"","_tribe_events_virtual_embed_video":"","_tribe_events_virtual_linked_button_text":"","_tribe_events_virtual_linked_button":"","_tribe_events_virtual_show_embed_at":"","_tribe_events_virtual_show_embed_to":[],"_tribe_events_virtual_show_on_event":"","_tribe_events_virtual_show_on_views":"","_tribe_events_virtual_url":"","footnotes":"","_tec_slr_enabled":"","_tec_slr_layout":""},"tags":[],"tribe_events_cat":[315],"class_list":["post-38405","tribe_events","type-tribe_events","status-publish","has-post-thumbnail","hentry","tribe_events_cat-launch","cat_launch"],"acf":[],"yoast_head":"<!-- This site is optimized with the Yoast SEO plugin v27.5 - https:\/\/yoast.com\/product\/yoast-seo-wordpress\/ -->\n<title>FR Lancement - Laurence \u00e0 son insu &#8226; MCAF<\/title>\n<meta name=\"robots\" content=\"index, follow, max-snippet:-1, max-image-preview:large, max-video-preview:-1\" \/>\n<link rel=\"canonical\" href=\"https:\/\/www.fbdm-mcaf.ca\/en\/event\/lancement-laurence-a-son-insu\/\" \/>\n<meta property=\"og:locale\" content=\"en_US\" \/>\n<meta property=\"og:type\" content=\"article\" \/>\n<meta property=\"og:title\" content=\"FR Lancement - Laurence \u00e0 son insu &#8226; MCAF\" \/>\n<meta property=\"og:description\" content=\"Les \u00c9ditions M\u00e9canique G\u00e9n\u00e9rale ont le plaisir de vous inviter au lancement de la bande dessin\u00e9e Laurence \u00e0 son insu, de Simon Labelle.Retrouvez-nous le 29 janvier prochain d\u00e8s 17h \u00e0 la LibrairiePlan\u00e8te BD (4077 R. Saint-Denis, Montr\u00e9al, QC H2W 2M7)! Au menu :&#8211; D\u00e9dicaces&#8211;...Read more&nbsp;&gt;\" \/>\n<meta property=\"og:url\" content=\"https:\/\/www.fbdm-mcaf.ca\/en\/event\/lancement-laurence-a-son-insu\/\" \/>\n<meta property=\"og:site_name\" content=\"MCAF\" \/>\n<meta property=\"article:publisher\" content=\"https:\/\/www.facebook.com\/FestivalBDMontreal\/\" \/>\n<meta property=\"article:modified_time\" content=\"2026-01-23T19:46:57+00:00\" \/>\n<meta property=\"og:image\" content=\"https:\/\/www.fbdm-mcaf.ca\/wp-content\/uploads\/Capture-decran-le-2026-01-23-a-14.44.40.png\" \/>\n\t<meta property=\"og:image:width\" content=\"679\" \/>\n\t<meta property=\"og:image:height\" content=\"355\" \/>\n\t<meta property=\"og:image:type\" content=\"image\/png\" \/>\n<meta name=\"twitter:card\" content=\"summary_large_image\" \/>\n<meta name=\"twitter:site\" content=\"@fbdm_mtl\" \/>\n<script type=\"application\/ld+json\" class=\"yoast-schema-graph\">{\"@context\":\"https:\\\/\\\/schema.org\",\"@graph\":[{\"@type\":\"WebPage\",\"@id\":\"https:\\\/\\\/www.fbdm-mcaf.ca\\\/en\\\/event\\\/lancement-laurence-a-son-insu\\\/\",\"url\":\"https:\\\/\\\/www.fbdm-mcaf.ca\\\/en\\\/event\\\/lancement-laurence-a-son-insu\\\/\",\"name\":\"FR Lancement - Laurence \u00e0 son insu &#8226; MCAF\",\"isPartOf\":{\"@id\":\"https:\\\/\\\/www.fbdm-mcaf.ca\\\/en\\\/#website\"},\"primaryImageOfPage\":{\"@id\":\"https:\\\/\\\/www.fbdm-mcaf.ca\\\/en\\\/event\\\/lancement-laurence-a-son-insu\\\/#primaryimage\"},\"image\":{\"@id\":\"https:\\\/\\\/www.fbdm-mcaf.ca\\\/en\\\/event\\\/lancement-laurence-a-son-insu\\\/#primaryimage\"},\"thumbnailUrl\":\"https:\\\/\\\/www.fbdm-mcaf.ca\\\/wp-content\\\/uploads\\\/Capture-decran-le-2026-01-23-a-14.44.40.png\",\"datePublished\":\"2026-01-23T19:45:29+00:00\",\"dateModified\":\"2026-01-23T19:46:57+00:00\",\"breadcrumb\":{\"@id\":\"https:\\\/\\\/www.fbdm-mcaf.ca\\\/en\\\/event\\\/lancement-laurence-a-son-insu\\\/#breadcrumb\"},\"inLanguage\":\"en-US\",\"potentialAction\":[{\"@type\":\"ReadAction\",\"target\":[\"https:\\\/\\\/www.fbdm-mcaf.ca\\\/en\\\/event\\\/lancement-laurence-a-son-insu\\\/\"]}]},{\"@type\":\"ImageObject\",\"inLanguage\":\"en-US\",\"@id\":\"https:\\\/\\\/www.fbdm-mcaf.ca\\\/en\\\/event\\\/lancement-laurence-a-son-insu\\\/#primaryimage\",\"url\":\"https:\\\/\\\/www.fbdm-mcaf.ca\\\/wp-content\\\/uploads\\\/Capture-decran-le-2026-01-23-a-14.44.40.png\",\"contentUrl\":\"https:\\\/\\\/www.fbdm-mcaf.ca\\\/wp-content\\\/uploads\\\/Capture-decran-le-2026-01-23-a-14.44.40.png\",\"width\":679,\"height\":355},{\"@type\":\"BreadcrumbList\",\"@id\":\"https:\\\/\\\/www.fbdm-mcaf.ca\\\/en\\\/event\\\/lancement-laurence-a-son-insu\\\/#breadcrumb\",\"itemListElement\":[{\"@type\":\"ListItem\",\"position\":1,\"name\":\"Home\",\"item\":\"https:\\\/\\\/www.fbdm-mcaf.ca\\\/en\\\/\"},{\"@type\":\"ListItem\",\"position\":2,\"name\":\"Events\",\"item\":\"https:\\\/\\\/www.fbdm-mcaf.ca\\\/en\\\/events\\\/\"},{\"@type\":\"ListItem\",\"position\":3,\"name\":\"FR Lancement &#8211; Laurence \u00e0 son insu\"}]},{\"@type\":\"WebSite\",\"@id\":\"https:\\\/\\\/www.fbdm-mcaf.ca\\\/en\\\/#website\",\"url\":\"https:\\\/\\\/www.fbdm-mcaf.ca\\\/en\\\/\",\"name\":\"MCAF\",\"description\":\"Montreal Comic Arts Festival\",\"potentialAction\":[{\"@type\":\"SearchAction\",\"target\":{\"@type\":\"EntryPoint\",\"urlTemplate\":\"https:\\\/\\\/www.fbdm-mcaf.ca\\\/en\\\/?s={search_term_string}\"},\"query-input\":{\"@type\":\"PropertyValueSpecification\",\"valueRequired\":true,\"valueName\":\"search_term_string\"}}],\"inLanguage\":\"en-US\"}]}<\/script>\n<!-- \/ Yoast SEO plugin. -->","yoast_head_json":{"title":"FR Lancement - Laurence \u00e0 son insu &#8226; MCAF","robots":{"index":"index","follow":"follow","max-snippet":"max-snippet:-1","max-image-preview":"max-image-preview:large","max-video-preview":"max-video-preview:-1"},"canonical":"https:\/\/www.fbdm-mcaf.ca\/en\/event\/lancement-laurence-a-son-insu\/","og_locale":"en_US","og_type":"article","og_title":"FR Lancement - Laurence \u00e0 son insu &#8226; MCAF","og_description":"Les \u00c9ditions M\u00e9canique G\u00e9n\u00e9rale ont le plaisir de vous inviter au lancement de la bande dessin\u00e9e Laurence \u00e0 son insu, de Simon Labelle.Retrouvez-nous le 29 janvier prochain d\u00e8s 17h \u00e0 la LibrairiePlan\u00e8te BD (4077 R. Saint-Denis, Montr\u00e9al, QC H2W 2M7)! Au menu :&#8211; D\u00e9dicaces&#8211;...Read more&nbsp;>","og_url":"https:\/\/www.fbdm-mcaf.ca\/en\/event\/lancement-laurence-a-son-insu\/","og_site_name":"MCAF","article_publisher":"https:\/\/www.facebook.com\/FestivalBDMontreal\/","article_modified_time":"2026-01-23T19:46:57+00:00","og_image":[{"width":679,"height":355,"url":"https:\/\/www.fbdm-mcaf.ca\/wp-content\/uploads\/Capture-decran-le-2026-01-23-a-14.44.40.png","type":"image\/png"}],"twitter_card":"summary_large_image","twitter_site":"@fbdm_mtl","schema":{"@context":"https:\/\/schema.org","@graph":[{"@type":"WebPage","@id":"https:\/\/www.fbdm-mcaf.ca\/en\/event\/lancement-laurence-a-son-insu\/","url":"https:\/\/www.fbdm-mcaf.ca\/en\/event\/lancement-laurence-a-son-insu\/","name":"FR Lancement - Laurence \u00e0 son insu &#8226; MCAF","isPartOf":{"@id":"https:\/\/www.fbdm-mcaf.ca\/en\/#website"},"primaryImageOfPage":{"@id":"https:\/\/www.fbdm-mcaf.ca\/en\/event\/lancement-laurence-a-son-insu\/#primaryimage"},"image":{"@id":"https:\/\/www.fbdm-mcaf.ca\/en\/event\/lancement-laurence-a-son-insu\/#primaryimage"},"thumbnailUrl":"https:\/\/www.fbdm-mcaf.ca\/wp-content\/uploads\/Capture-decran-le-2026-01-23-a-14.44.40.png","datePublished":"2026-01-23T19:45:29+00:00","dateModified":"2026-01-23T19:46:57+00:00","breadcrumb":{"@id":"https:\/\/www.fbdm-mcaf.ca\/en\/event\/lancement-laurence-a-son-insu\/#breadcrumb"},"inLanguage":"en-US","potentialAction":[{"@type":"ReadAction","target":["https:\/\/www.fbdm-mcaf.ca\/en\/event\/lancement-laurence-a-son-insu\/"]}]},{"@type":"ImageObject","inLanguage":"en-US","@id":"https:\/\/www.fbdm-mcaf.ca\/en\/event\/lancement-laurence-a-son-insu\/#primaryimage","url":"https:\/\/www.fbdm-mcaf.ca\/wp-content\/uploads\/Capture-decran-le-2026-01-23-a-14.44.40.png","contentUrl":"https:\/\/www.fbdm-mcaf.ca\/wp-content\/uploads\/Capture-decran-le-2026-01-23-a-14.44.40.png","width":679,"height":355},{"@type":"BreadcrumbList","@id":"https:\/\/www.fbdm-mcaf.ca\/en\/event\/lancement-laurence-a-son-insu\/#breadcrumb","itemListElement":[{"@type":"ListItem","position":1,"name":"Home","item":"https:\/\/www.fbdm-mcaf.ca\/en\/"},{"@type":"ListItem","position":2,"name":"Events","item":"https:\/\/www.fbdm-mcaf.ca\/en\/events\/"},{"@type":"ListItem","position":3,"name":"FR Lancement &#8211; Laurence \u00e0 son insu"}]},{"@type":"WebSite","@id":"https:\/\/www.fbdm-mcaf.ca\/en\/#website","url":"https:\/\/www.fbdm-mcaf.ca\/en\/","name":"MCAF","description":"Montreal Comic Arts Festival","potentialAction":[{"@type":"SearchAction","target":{"@type":"EntryPoint","urlTemplate":"https:\/\/www.fbdm-mcaf.ca\/en\/?s={search_term_string}"},"query-input":{"@type":"PropertyValueSpecification","valueRequired":true,"valueName":"search_term_string"}}],"inLanguage":"en-US"}]}},"ticketed":false,"_links":{"self":[{"href":"https:\/\/www.fbdm-mcaf.ca\/en\/wp-json\/wp\/v2\/tribe_events\/38405","targetHints":{"allow":["GET"]}}],"collection":[{"href":"https:\/\/www.fbdm-mcaf.ca\/en\/wp-json\/wp\/v2\/tribe_events"}],"about":[{"href":"https:\/\/www.fbdm-mcaf.ca\/en\/wp-json\/wp\/v2\/types\/tribe_events"}],"author":[{"embeddable":true,"href":"https:\/\/www.fbdm-mcaf.ca\/en\/wp-json\/wp\/v2\/users\/18"}],"version-history":[{"count":2,"href":"https:\/\/www.fbdm-mcaf.ca\/en\/wp-json\/wp\/v2\/tribe_events\/38405\/revisions"}],"predecessor-version":[{"id":38407,"href":"https:\/\/www.fbdm-mcaf.ca\/en\/wp-json\/wp\/v2\/tribe_events\/38405\/revisions\/38407"}],"wp:featuredmedia":[{"embeddable":true,"href":"https:\/\/www.fbdm-mcaf.ca\/en\/wp-json\/wp\/v2\/media\/38404"}],"wp:attachment":[{"href":"https:\/\/www.fbdm-mcaf.ca\/en\/wp-json\/wp\/v2\/media?parent=38405"}],"wp:term":[{"taxonomy":"post_tag","embeddable":true,"href":"https:\/\/www.fbdm-mcaf.ca\/en\/wp-json\/wp\/v2\/tags?post=38405"},{"taxonomy":"tribe_events_cat","embeddable":true,"href":"https:\/\/www.fbdm-mcaf.ca\/en\/wp-json\/wp\/v2\/tribe_events_cat?post=38405"}],"curies":[{"name":"wp","href":"https:\/\/api.w.org\/{rel}","templated":true}]}}

FR Lancement &#8211; Laurence à son insu

<div class="xdj266r x14z9mp xat24cr x1lziwak x1vvkbs">Les Éditions Mécanique Générale ont le plaisir de vous inviter au lancement de la bande dessinée Laurence à son insu, de Simon Labelle.<br class="html-br" />Retrouvez-nous le 29 janvier prochain dès 17h à la Librairie<br class="html-br" />Planète BD (4077 R. Saint-Denis, Montréal, QC H2W 2M7)!</div>
<div class="x14z9mp xat24cr x1lziwak x1vvkbs xtlvy1s">Au menu :<br class="html-br" />&#8211; Dédicaces<br class="html-br" />&#8211; Apéritif<br class="html-br" />&#8211; Séance de dédicaces</div>
<div class="x14z9mp xat24cr x1lziwak x1vvkbs xtlvy1s">Le livre sera en vente sur place.</div>

<p class="post-excerpt">Les Éditions Mécanique Générale ont le plaisir de vous inviter au lancement de la bande dessinée Laurence à son insu, de Simon Labelle.<br class="html-br" />Retrouvez-nous le 29 janvier prochain dès 17h à la Librairie<br class="html-br" />Planète BD (4077 R. Saint-Denis, Montréal, QC H2W 2M7)!<br />
Au menu :<br class="html-br" />&#8211; Dédicaces<br class="html-br" />&#8211;&#8230;</p>
<p><a class="post-learn-more" href="https://www.fbdm-mcaf.ca/en/event/lancement-laurence-a-son-insu/">Read more<span>&nbsp;></span></a></p></p>

<!-- This site is optimized with the Yoast SEO plugin v27.5 - https://yoast.com/product/yoast-seo-wordpress/ -->
<title>FR Lancement - Laurence à son insu &#8226; MCAF</title>
<meta name="robots" content="index, follow, max-snippet:-1, max-image-preview:large, max-video-preview:-1" />
<link rel="canonical" href="https://www.fbdm-mcaf.ca/en/event/lancement-laurence-a-son-insu/" />
<meta property="og:locale" content="en_US" />
<meta property="og:type" content="article" />
<meta property="og:title" content="FR Lancement - Laurence à son insu &#8226; MCAF" />
<meta property="og:description" content="Les Éditions Mécanique Générale ont le plaisir de vous inviter au lancement de la bande dessinée Laurence à son insu, de Simon Labelle.Retrouvez-nous le 29 janvier prochain dès 17h à la LibrairiePlanète BD (4077 R. Saint-Denis, Montréal, QC H2W 2M7)! Au menu :&#8211; Dédicaces&#8211;...Read more&nbsp;&gt;" />
<meta property="og:url" content="https://www.fbdm-mcaf.ca/en/event/lancement-laurence-a-son-insu/" />
<meta property="og:site_name" content="MCAF" />
<meta property="article:publisher" content="https://www.facebook.com/FestivalBDMontreal/" />
<meta property="article:modified_time" content="2026-01-23T19:46:57+00:00" />
<meta property="og:image" content="https://www.fbdm-mcaf.ca/wp-content/uploads/Capture-decran-le-2026-01-23-a-14.44.40.png" />
	<meta property="og:image:width" content="679" />
	<meta property="og:image:height" content="355" />
	<meta property="og:image:type" content="image/png" />
<meta name="twitter:card" content="summary_large_image" />
<meta name="twitter:site" content="@fbdm_mtl" />
<script type="application/ld+json" class="yoast-schema-graph">{"@context":"https:\/\/schema.org","@graph":[{"@type":"WebPage","@id":"https:\/\/www.fbdm-mcaf.ca\/en\/event\/lancement-laurence-a-son-insu\/","url":"https:\/\/www.fbdm-mcaf.ca\/en\/event\/lancement-laurence-a-son-insu\/","name":"FR Lancement - Laurence à son insu &#8226; MCAF","isPartOf":{"@id":"https:\/\/www.fbdm-mcaf.ca\/en\/#website"},"primaryImageOfPage":{"@id":"https:\/\/www.fbdm-mcaf.ca\/en\/event\/lancement-laurence-a-son-insu\/#primaryimage"},"image":{"@id":"https:\/\/www.fbdm-mcaf.ca\/en\/event\/lancement-laurence-a-son-insu\/#primaryimage"},"thumbnailUrl":"https:\/\/www.fbdm-mcaf.ca\/wp-content\/uploads\/Capture-decran-le-2026-01-23-a-14.44.40.png","datePublished":"2026-01-23T19:45:29+00:00","dateModified":"2026-01-23T19:46:57+00:00","breadcrumb":{"@id":"https:\/\/www.fbdm-mcaf.ca\/en\/event\/lancement-laurence-a-son-insu\/#breadcrumb"},"inLanguage":"en-US","potentialAction":[{"@type":"ReadAction","target":["https:\/\/www.fbdm-mcaf.ca\/en\/event\/lancement-laurence-a-son-insu\/"]}]},{"@type":"ImageObject","inLanguage":"en-US","@id":"https:\/\/www.fbdm-mcaf.ca\/en\/event\/lancement-laurence-a-son-insu\/#primaryimage","url":"https:\/\/www.fbdm-mcaf.ca\/wp-content\/uploads\/Capture-decran-le-2026-01-23-a-14.44.40.png","contentUrl":"https:\/\/www.fbdm-mcaf.ca\/wp-content\/uploads\/Capture-decran-le-2026-01-23-a-14.44.40.png","width":679,"height":355},{"@type":"BreadcrumbList","@id":"https:\/\/www.fbdm-mcaf.ca\/en\/event\/lancement-laurence-a-son-insu\/#breadcrumb","itemListElement":[{"@type":"ListItem","position":1,"name":"Home","item":"https:\/\/www.fbdm-mcaf.ca\/en\/"},{"@type":"ListItem","position":2,"name":"Events","item":"https:\/\/www.fbdm-mcaf.ca\/en\/events\/"},{"@type":"ListItem","position":3,"name":"FR Lancement &#8211; Laurence à son insu"}]},{"@type":"WebSite","@id":"https:\/\/www.fbdm-mcaf.ca\/en\/#website","url":"https:\/\/www.fbdm-mcaf.ca\/en\/","name":"MCAF","description":"Montreal Comic Arts Festival","potentialAction":[{"@type":"SearchAction","target":{"@type":"EntryPoint","urlTemplate":"https:\/\/www.fbdm-mcaf.ca\/en\/?s={search_term_string}"},"query-input":{"@type":"PropertyValueSpecification","valueRequired":true,"valueName":"search_term_string"}}],"inLanguage":"en-US"}]}</script>
<!-- / Yoast SEO plugin. -->

FR Lancement - Laurence à son insu &#8226; MCAF

Les Éditions Mécanique Générale ont le plaisir de vous inviter au lancement de la bande dessinée Laurence à son insu, de Simon Labelle.Retrouvez-nous le 29 janvier prochain dès 17h à la LibrairiePlanète BD (4077 R. Saint-Denis, Montréal, QC H2W 2M7)! Au menu :&#8211; Dédicaces&#8211;...Read more&nbsp;>
