{"id":35039,"date":"2024-07-22T13:09:42","date_gmt":"2024-07-22T17:09:42","guid":{"rendered":"https:\/\/www.fbdm-mcaf.ca\/event\/visions-dedicace-chez-planete-bd\/"},"modified":"2024-07-22T13:09:42","modified_gmt":"2024-07-22T17:09:42","slug":"visions-dedicace-chez-planete-bd","status":"publish","type":"tribe_events","link":"https:\/\/www.fbdm-mcaf.ca\/en\/event\/visions-dedicace-chez-planete-bd\/","title":{"rendered":"VISIONS &#8211; D\u00e9dicace chez Plan\u00e8te BD!"},"content":{"rendered":"<p>Lanc\u00e9e dans le cadre du Festival BD de Montr\u00e9al, la bande dessin\u00e9e Visions n&#8217;avait pas encore eu son \u00e9v\u00e9nement d\u00e9di\u00e9e. C&#8217;est chose faite!<br \/>\nOn vous invite donc \u00e0 venir rencontrer Alexis Mandeville \u00e0 la librairie Plan\u00e8te BD, le 8 ao\u00fbt prochain de 17h \u00e0 19h, pour ce lancement en hypnorama!<\/p>\n","protected":false},"excerpt":{"rendered":"<p class=\"post-excerpt\">\n<p>Lanc\u00e9e dans le cadre du Festival BD de Montr\u00e9al, la bande dessin\u00e9e Visions n&#8217;avait pas encore eu son \u00e9v\u00e9nement d\u00e9di\u00e9e. C&#8217;est chose faite!<br \/>\nOn vous invite donc \u00e0 venir rencontrer Alexis Mandeville \u00e0 la librairie Plan\u00e8te BD, le 8 ao\u00fbt prochain de 17h \u00e0 19h, pour ce lancement en hypnorama!<\/p>\n<p>&#8230;<\/p>\n<p><a class=\"post-learn-more\" href=\"https:\/\/www.fbdm-mcaf.ca\/en\/event\/visions-dedicace-chez-planete-bd\/\">Read more<span>&nbsp;><\/span><\/a><\/p><\/p>\n","protected":false},"author":2,"featured_media":35037,"template":"","meta":{"_acf_changed":false,"_price":"","_stock":"","_tribe_ticket_header":"","_tribe_default_ticket_provider":"","_tribe_ticket_capacity":"0","_ticket_start_date":"","_ticket_end_date":"","_tribe_ticket_show_description":"","_tribe_ticket_show_not_going":false,"_tribe_ticket_use_global_stock":"","_tribe_ticket_global_stock_level":"","_global_stock_mode":"","_global_stock_cap":"","_tribe_rsvp_for_event":"","_tribe_ticket_going_count":"","_tribe_ticket_not_going_count":"","_tribe_tickets_list":"[]","_tribe_ticket_has_attendee_info_fields":false,"_tribe_events_status":"","_tribe_events_status_reason":"","_tribe_events_is_hybrid":"","_tribe_events_is_virtual":"","_tribe_events_virtual_video_source":"","_tribe_events_virtual_embed_video":"","_tribe_events_virtual_linked_button_text":"","_tribe_events_virtual_linked_button":"","_tribe_events_virtual_show_embed_at":"","_tribe_events_virtual_show_embed_to":[],"_tribe_events_virtual_show_on_event":"","_tribe_events_virtual_show_on_views":"","_tribe_events_virtual_url":"","footnotes":"","_tec_slr_enabled":"","_tec_slr_layout":""},"tags":[],"tribe_events_cat":[317],"class_list":["post-35039","tribe_events","type-tribe_events","status-publish","has-post-thumbnail","hentry","tribe_events_cat-book-signing","cat_book-signing"],"acf":[],"yoast_head":"<!-- This site is optimized with the Yoast SEO plugin v27.5 - https:\/\/yoast.com\/product\/yoast-seo-wordpress\/ -->\n<title>VISIONS - D\u00e9dicace chez Plan\u00e8te BD! &#8226; MCAF<\/title>\n<meta name=\"robots\" content=\"index, follow, max-snippet:-1, max-image-preview:large, max-video-preview:-1\" \/>\n<link rel=\"canonical\" href=\"https:\/\/www.fbdm-mcaf.ca\/en\/event\/visions-dedicace-chez-planete-bd\/\" \/>\n<meta property=\"og:locale\" content=\"en_US\" \/>\n<meta property=\"og:type\" content=\"article\" \/>\n<meta property=\"og:title\" content=\"VISIONS - D\u00e9dicace chez Plan\u00e8te BD! &#8226; MCAF\" \/>\n<meta property=\"og:description\" content=\"Lanc\u00e9e dans le cadre du Festival BD de Montr\u00e9al, la bande dessin\u00e9e Visions n&#8217;avait pas encore eu son \u00e9v\u00e9nement d\u00e9di\u00e9e. C&#8217;est chose faite! On vous invite donc \u00e0 venir rencontrer Alexis Mandeville \u00e0 la librairie Plan\u00e8te BD, le 8 ao\u00fbt prochain de 17h \u00e0 19h, pour ce lancement en hypnorama!...Read more&nbsp;&gt;\" \/>\n<meta property=\"og:url\" content=\"https:\/\/www.fbdm-mcaf.ca\/en\/event\/visions-dedicace-chez-planete-bd\/\" \/>\n<meta property=\"og:site_name\" content=\"MCAF\" \/>\n<meta property=\"article:publisher\" content=\"https:\/\/www.facebook.com\/FestivalBDMontreal\/\" \/>\n<meta property=\"og:image\" content=\"https:\/\/www.fbdm-mcaf.ca\/wp-content\/uploads\/FBDM_logo_WEB.png\" \/>\n\t<meta property=\"og:image:width\" content=\"390\" \/>\n\t<meta property=\"og:image:height\" content=\"317\" \/>\n\t<meta property=\"og:image:type\" content=\"image\/png\" \/>\n<meta name=\"twitter:card\" content=\"summary_large_image\" \/>\n<meta name=\"twitter:site\" content=\"@fbdm_mtl\" \/>\n<script type=\"application\/ld+json\" class=\"yoast-schema-graph\">{\"@context\":\"https:\\\/\\\/schema.org\",\"@graph\":[{\"@type\":\"WebPage\",\"@id\":\"https:\\\/\\\/www.fbdm-mcaf.ca\\\/en\\\/event\\\/visions-dedicace-chez-planete-bd\\\/\",\"url\":\"https:\\\/\\\/www.fbdm-mcaf.ca\\\/en\\\/event\\\/visions-dedicace-chez-planete-bd\\\/\",\"name\":\"VISIONS - D\u00e9dicace chez Plan\u00e8te BD! &#8226; MCAF\",\"isPartOf\":{\"@id\":\"https:\\\/\\\/www.fbdm-mcaf.ca\\\/en\\\/#website\"},\"primaryImageOfPage\":{\"@id\":\"https:\\\/\\\/www.fbdm-mcaf.ca\\\/en\\\/event\\\/visions-dedicace-chez-planete-bd\\\/#primaryimage\"},\"image\":{\"@id\":\"https:\\\/\\\/www.fbdm-mcaf.ca\\\/en\\\/event\\\/visions-dedicace-chez-planete-bd\\\/#primaryimage\"},\"thumbnailUrl\":\"https:\\\/\\\/www.fbdm-mcaf.ca\\\/wp-content\\\/uploads\\\/452381841_1280879376497870_2508991643462638688_n.jpg\",\"datePublished\":\"2024-07-22T17:09:42+00:00\",\"breadcrumb\":{\"@id\":\"https:\\\/\\\/www.fbdm-mcaf.ca\\\/en\\\/event\\\/visions-dedicace-chez-planete-bd\\\/#breadcrumb\"},\"inLanguage\":\"en-US\",\"potentialAction\":[{\"@type\":\"ReadAction\",\"target\":[\"https:\\\/\\\/www.fbdm-mcaf.ca\\\/en\\\/event\\\/visions-dedicace-chez-planete-bd\\\/\"]}]},{\"@type\":\"ImageObject\",\"inLanguage\":\"en-US\",\"@id\":\"https:\\\/\\\/www.fbdm-mcaf.ca\\\/en\\\/event\\\/visions-dedicace-chez-planete-bd\\\/#primaryimage\",\"url\":\"https:\\\/\\\/www.fbdm-mcaf.ca\\\/wp-content\\\/uploads\\\/452381841_1280879376497870_2508991643462638688_n.jpg\",\"contentUrl\":\"https:\\\/\\\/www.fbdm-mcaf.ca\\\/wp-content\\\/uploads\\\/452381841_1280879376497870_2508991643462638688_n.jpg\",\"width\":1955,\"height\":395},{\"@type\":\"BreadcrumbList\",\"@id\":\"https:\\\/\\\/www.fbdm-mcaf.ca\\\/en\\\/event\\\/visions-dedicace-chez-planete-bd\\\/#breadcrumb\",\"itemListElement\":[{\"@type\":\"ListItem\",\"position\":1,\"name\":\"Home\",\"item\":\"https:\\\/\\\/www.fbdm-mcaf.ca\\\/en\\\/\"},{\"@type\":\"ListItem\",\"position\":2,\"name\":\"Events\",\"item\":\"https:\\\/\\\/www.fbdm-mcaf.ca\\\/en\\\/events\\\/\"},{\"@type\":\"ListItem\",\"position\":3,\"name\":\"VISIONS &#8211; D\u00e9dicace chez Plan\u00e8te BD!\"}]},{\"@type\":\"WebSite\",\"@id\":\"https:\\\/\\\/www.fbdm-mcaf.ca\\\/en\\\/#website\",\"url\":\"https:\\\/\\\/www.fbdm-mcaf.ca\\\/en\\\/\",\"name\":\"MCAF\",\"description\":\"Montreal Comic Arts Festival\",\"potentialAction\":[{\"@type\":\"SearchAction\",\"target\":{\"@type\":\"EntryPoint\",\"urlTemplate\":\"https:\\\/\\\/www.fbdm-mcaf.ca\\\/en\\\/?s={search_term_string}\"},\"query-input\":{\"@type\":\"PropertyValueSpecification\",\"valueRequired\":true,\"valueName\":\"search_term_string\"}}],\"inLanguage\":\"en-US\"}]}<\/script>\n<!-- \/ Yoast SEO plugin. -->","yoast_head_json":{"title":"VISIONS - D\u00e9dicace chez Plan\u00e8te BD! &#8226; MCAF","robots":{"index":"index","follow":"follow","max-snippet":"max-snippet:-1","max-image-preview":"max-image-preview:large","max-video-preview":"max-video-preview:-1"},"canonical":"https:\/\/www.fbdm-mcaf.ca\/en\/event\/visions-dedicace-chez-planete-bd\/","og_locale":"en_US","og_type":"article","og_title":"VISIONS - D\u00e9dicace chez Plan\u00e8te BD! &#8226; MCAF","og_description":"Lanc\u00e9e dans le cadre du Festival BD de Montr\u00e9al, la bande dessin\u00e9e Visions n&#8217;avait pas encore eu son \u00e9v\u00e9nement d\u00e9di\u00e9e. C&#8217;est chose faite! On vous invite donc \u00e0 venir rencontrer Alexis Mandeville \u00e0 la librairie Plan\u00e8te BD, le 8 ao\u00fbt prochain de 17h \u00e0 19h, pour ce lancement en hypnorama!...Read more&nbsp;>","og_url":"https:\/\/www.fbdm-mcaf.ca\/en\/event\/visions-dedicace-chez-planete-bd\/","og_site_name":"MCAF","article_publisher":"https:\/\/www.facebook.com\/FestivalBDMontreal\/","og_image":[{"width":390,"height":317,"url":"https:\/\/www.fbdm-mcaf.ca\/wp-content\/uploads\/FBDM_logo_WEB.png","type":"image\/png"}],"twitter_card":"summary_large_image","twitter_site":"@fbdm_mtl","schema":{"@context":"https:\/\/schema.org","@graph":[{"@type":"WebPage","@id":"https:\/\/www.fbdm-mcaf.ca\/en\/event\/visions-dedicace-chez-planete-bd\/","url":"https:\/\/www.fbdm-mcaf.ca\/en\/event\/visions-dedicace-chez-planete-bd\/","name":"VISIONS - D\u00e9dicace chez Plan\u00e8te BD! &#8226; MCAF","isPartOf":{"@id":"https:\/\/www.fbdm-mcaf.ca\/en\/#website"},"primaryImageOfPage":{"@id":"https:\/\/www.fbdm-mcaf.ca\/en\/event\/visions-dedicace-chez-planete-bd\/#primaryimage"},"image":{"@id":"https:\/\/www.fbdm-mcaf.ca\/en\/event\/visions-dedicace-chez-planete-bd\/#primaryimage"},"thumbnailUrl":"https:\/\/www.fbdm-mcaf.ca\/wp-content\/uploads\/452381841_1280879376497870_2508991643462638688_n.jpg","datePublished":"2024-07-22T17:09:42+00:00","breadcrumb":{"@id":"https:\/\/www.fbdm-mcaf.ca\/en\/event\/visions-dedicace-chez-planete-bd\/#breadcrumb"},"inLanguage":"en-US","potentialAction":[{"@type":"ReadAction","target":["https:\/\/www.fbdm-mcaf.ca\/en\/event\/visions-dedicace-chez-planete-bd\/"]}]},{"@type":"ImageObject","inLanguage":"en-US","@id":"https:\/\/www.fbdm-mcaf.ca\/en\/event\/visions-dedicace-chez-planete-bd\/#primaryimage","url":"https:\/\/www.fbdm-mcaf.ca\/wp-content\/uploads\/452381841_1280879376497870_2508991643462638688_n.jpg","contentUrl":"https:\/\/www.fbdm-mcaf.ca\/wp-content\/uploads\/452381841_1280879376497870_2508991643462638688_n.jpg","width":1955,"height":395},{"@type":"BreadcrumbList","@id":"https:\/\/www.fbdm-mcaf.ca\/en\/event\/visions-dedicace-chez-planete-bd\/#breadcrumb","itemListElement":[{"@type":"ListItem","position":1,"name":"Home","item":"https:\/\/www.fbdm-mcaf.ca\/en\/"},{"@type":"ListItem","position":2,"name":"Events","item":"https:\/\/www.fbdm-mcaf.ca\/en\/events\/"},{"@type":"ListItem","position":3,"name":"VISIONS &#8211; D\u00e9dicace chez Plan\u00e8te BD!"}]},{"@type":"WebSite","@id":"https:\/\/www.fbdm-mcaf.ca\/en\/#website","url":"https:\/\/www.fbdm-mcaf.ca\/en\/","name":"MCAF","description":"Montreal Comic Arts Festival","potentialAction":[{"@type":"SearchAction","target":{"@type":"EntryPoint","urlTemplate":"https:\/\/www.fbdm-mcaf.ca\/en\/?s={search_term_string}"},"query-input":{"@type":"PropertyValueSpecification","valueRequired":true,"valueName":"search_term_string"}}],"inLanguage":"en-US"}]}},"ticketed":false,"_links":{"self":[{"href":"https:\/\/www.fbdm-mcaf.ca\/en\/wp-json\/wp\/v2\/tribe_events\/35039","targetHints":{"allow":["GET"]}}],"collection":[{"href":"https:\/\/www.fbdm-mcaf.ca\/en\/wp-json\/wp\/v2\/tribe_events"}],"about":[{"href":"https:\/\/www.fbdm-mcaf.ca\/en\/wp-json\/wp\/v2\/types\/tribe_events"}],"author":[{"embeddable":true,"href":"https:\/\/www.fbdm-mcaf.ca\/en\/wp-json\/wp\/v2\/users\/2"}],"version-history":[{"count":0,"href":"https:\/\/www.fbdm-mcaf.ca\/en\/wp-json\/wp\/v2\/tribe_events\/35039\/revisions"}],"wp:featuredmedia":[{"embeddable":true,"href":"https:\/\/www.fbdm-mcaf.ca\/en\/wp-json\/wp\/v2\/media\/35037"}],"wp:attachment":[{"href":"https:\/\/www.fbdm-mcaf.ca\/en\/wp-json\/wp\/v2\/media?parent=35039"}],"wp:term":[{"taxonomy":"post_tag","embeddable":true,"href":"https:\/\/www.fbdm-mcaf.ca\/en\/wp-json\/wp\/v2\/tags?post=35039"},{"taxonomy":"tribe_events_cat","embeddable":true,"href":"https:\/\/www.fbdm-mcaf.ca\/en\/wp-json\/wp\/v2\/tribe_events_cat?post=35039"}],"curies":[{"name":"wp","href":"https:\/\/api.w.org\/{rel}","templated":true}]}}

VISIONS &#8211; Dédicace chez Planète BD!

<p>Lancée dans le cadre du Festival BD de Montréal, la bande dessinée Visions n&#8217;avait pas encore eu son événement dédiée. C&#8217;est chose faite!<br />
On vous invite donc à venir rencontrer Alexis Mandeville à la librairie Planète BD, le 8 août prochain de 17h à 19h, pour ce lancement en hypnorama!</p>

<p class="post-excerpt">
<p>Lancée dans le cadre du Festival BD de Montréal, la bande dessinée Visions n&#8217;avait pas encore eu son événement dédiée. C&#8217;est chose faite!<br />
On vous invite donc à venir rencontrer Alexis Mandeville à la librairie Planète BD, le 8 août prochain de 17h à 19h, pour ce lancement en hypnorama!</p>
<p>&#8230;</p>
<p><a class="post-learn-more" href="https://www.fbdm-mcaf.ca/en/event/visions-dedicace-chez-planete-bd/">Read more<span>&nbsp;></span></a></p></p>

<!-- This site is optimized with the Yoast SEO plugin v27.5 - https://yoast.com/product/yoast-seo-wordpress/ -->
<title>VISIONS - Dédicace chez Planète BD! &#8226; MCAF</title>
<meta name="robots" content="index, follow, max-snippet:-1, max-image-preview:large, max-video-preview:-1" />
<link rel="canonical" href="https://www.fbdm-mcaf.ca/en/event/visions-dedicace-chez-planete-bd/" />
<meta property="og:locale" content="en_US" />
<meta property="og:type" content="article" />
<meta property="og:title" content="VISIONS - Dédicace chez Planète BD! &#8226; MCAF" />
<meta property="og:description" content="Lancée dans le cadre du Festival BD de Montréal, la bande dessinée Visions n&#8217;avait pas encore eu son événement dédiée. C&#8217;est chose faite! On vous invite donc à venir rencontrer Alexis Mandeville à la librairie Planète BD, le 8 août prochain de 17h à 19h, pour ce lancement en hypnorama!...Read more&nbsp;&gt;" />
<meta property="og:url" content="https://www.fbdm-mcaf.ca/en/event/visions-dedicace-chez-planete-bd/" />
<meta property="og:site_name" content="MCAF" />
<meta property="article:publisher" content="https://www.facebook.com/FestivalBDMontreal/" />
<meta property="og:image" content="https://www.fbdm-mcaf.ca/wp-content/uploads/FBDM_logo_WEB.png" />
	<meta property="og:image:width" content="390" />
	<meta property="og:image:height" content="317" />
	<meta property="og:image:type" content="image/png" />
<meta name="twitter:card" content="summary_large_image" />
<meta name="twitter:site" content="@fbdm_mtl" />
<script type="application/ld+json" class="yoast-schema-graph">{"@context":"https:\/\/schema.org","@graph":[{"@type":"WebPage","@id":"https:\/\/www.fbdm-mcaf.ca\/en\/event\/visions-dedicace-chez-planete-bd\/","url":"https:\/\/www.fbdm-mcaf.ca\/en\/event\/visions-dedicace-chez-planete-bd\/","name":"VISIONS - Dédicace chez Planète BD! &#8226; MCAF","isPartOf":{"@id":"https:\/\/www.fbdm-mcaf.ca\/en\/#website"},"primaryImageOfPage":{"@id":"https:\/\/www.fbdm-mcaf.ca\/en\/event\/visions-dedicace-chez-planete-bd\/#primaryimage"},"image":{"@id":"https:\/\/www.fbdm-mcaf.ca\/en\/event\/visions-dedicace-chez-planete-bd\/#primaryimage"},"thumbnailUrl":"https:\/\/www.fbdm-mcaf.ca\/wp-content\/uploads\/452381841_1280879376497870_2508991643462638688_n.jpg","datePublished":"2024-07-22T17:09:42+00:00","breadcrumb":{"@id":"https:\/\/www.fbdm-mcaf.ca\/en\/event\/visions-dedicace-chez-planete-bd\/#breadcrumb"},"inLanguage":"en-US","potentialAction":[{"@type":"ReadAction","target":["https:\/\/www.fbdm-mcaf.ca\/en\/event\/visions-dedicace-chez-planete-bd\/"]}]},{"@type":"ImageObject","inLanguage":"en-US","@id":"https:\/\/www.fbdm-mcaf.ca\/en\/event\/visions-dedicace-chez-planete-bd\/#primaryimage","url":"https:\/\/www.fbdm-mcaf.ca\/wp-content\/uploads\/452381841_1280879376497870_2508991643462638688_n.jpg","contentUrl":"https:\/\/www.fbdm-mcaf.ca\/wp-content\/uploads\/452381841_1280879376497870_2508991643462638688_n.jpg","width":1955,"height":395},{"@type":"BreadcrumbList","@id":"https:\/\/www.fbdm-mcaf.ca\/en\/event\/visions-dedicace-chez-planete-bd\/#breadcrumb","itemListElement":[{"@type":"ListItem","position":1,"name":"Home","item":"https:\/\/www.fbdm-mcaf.ca\/en\/"},{"@type":"ListItem","position":2,"name":"Events","item":"https:\/\/www.fbdm-mcaf.ca\/en\/events\/"},{"@type":"ListItem","position":3,"name":"VISIONS &#8211; Dédicace chez Planète BD!"}]},{"@type":"WebSite","@id":"https:\/\/www.fbdm-mcaf.ca\/en\/#website","url":"https:\/\/www.fbdm-mcaf.ca\/en\/","name":"MCAF","description":"Montreal Comic Arts Festival","potentialAction":[{"@type":"SearchAction","target":{"@type":"EntryPoint","urlTemplate":"https:\/\/www.fbdm-mcaf.ca\/en\/?s={search_term_string}"},"query-input":{"@type":"PropertyValueSpecification","valueRequired":true,"valueName":"search_term_string"}}],"inLanguage":"en-US"}]}</script>
<!-- / Yoast SEO plugin. -->

VISIONS - Dédicace chez Planète BD! &#8226; MCAF

Lancée dans le cadre du Festival BD de Montréal, la bande dessinée Visions n&#8217;avait pas encore eu son événement dédiée. C&#8217;est chose faite! On vous invite donc à venir rencontrer Alexis Mandeville à la librairie Planète BD, le 8 août prochain de 17h à 19h, pour ce lancement en hypnorama!...Read more&nbsp;>
